by w.
17
Let j(g) = -11*g - 262. Calculate the remainder when j(-25) is divided by 3.
1
Let i = -17 - -19. Let t be (-2)/(-4)*(3 + -3). Suppose t = -l - l + 6. Calculate the remainder when l is divided by i.
1
Let z = 18 + 9. Suppose 4*k + 12 = 3*r, -k - 16 = -r - 3*r. Suppose k = -3*o - 5*m + 5, 0*m = 5*o + 3*m - 35. Calculate the remainder when z is divided by o.
7
Let g(j) = -4*j + 79. Let x = 28 - 1. What is the remainder when x is divided by g(17)?
5
Let y = 41 + -29. Suppose 6*c + r = c - 429, 0 = -c - 3*r - 83. Let x = c - -130. What is the remainder when x is divided by y?
8
Suppose 11*a - 32 = 3*a. Suppose a*h - 4 = 0, 2*v + 0*v - 5*h = 113. Calculate the remainder when v is divided by 30.
29
Let s(d) = 12*d + 63. Let f be s(-11). Let h = f + 128. Calculate the remainder when h is divided by 31.
28
Let d = 428 - 411. What is the remainder when 184 is divided by d?
14
Suppose -2*u + 3*u + 4 = 0. Let y = u + 7. Suppose 3*z + 2*r = -2, -r = -y*z + z + 8. Calculate the remainder when z is divided by 1.
0
Suppose -312*d + 305*d = -672. Calculate the remainder when d is divided by 10.
6
Let m(n) = -n**3 - 8*n**2 + 10*n + 22. Let k = -9 - -33. Let l = k - 33. Calculate the remainder when 50 is divided by m(l).
11
Let j(y) = 6*y**2 + 7*y + 20. What is the remainder when j(-5) is divided by 37?
24
Let r(m) = 45*m - 13. Let q(o) = -23*o + 6. Let d(a) = -5*q(a) - 2*r(a). Let w be d(7). Let u = w + -118. What is the remainder when u is divided by 14?
11
Let y(g) = 3*g - 5*g + 12*g + 2 + 2. Calculate the remainder when y(3) is divided by 18.
16
Suppose -3 = 3*b + n - 44, 61 = 3*b - 4*n. What is the remainder when (-2)/(-6)*(134 + -5) is divided by b?
13
Let u be 1 + (-249)/24 - 6/(-16). What is the remainder when 37 is divided by (2/u*-57)/((-2)/(-3))?
18
Let k(y) = 0 + 4*y + 2 - 21*y - y. Suppose 5*v + 10 = -0*v. Calculate the remainder when k(v) is divided by 14.
10
Let x = -38 - -55. Let s = x - 9. Let y = s + 7. What is the remainder when y is divided by 10?
5
Suppose 5*w - 148 = 3*w. Let v = -68 + w. What is the remainder when 41 is divided by v?
5
Let i be (0 - -2) + 33 + -1. Let t(a) = a**2 + 8*a - 76. Calculate the remainder when i/2 - (4 - 2) is divided by t(6).
7
Let s(b) be the second derivative of b**4/12 + b**3/3 - b**2/2 + 3*b. What is the remainder when ((-56)/12 + 4)*-30 is divided by s(-4)?
6
Let r = -72 + 113. Suppose -r = -2*d - 5*f, -4*f = -19 + 7. What is the remainder when d is divided by 8?
5
Suppose -s + 168 = -4*l, 3*l = 4*l - s + 42. Calculate the remainder when 39 is divided by (-581)/l + 1/6.
11
Let a(y) = 3 + 3*y - 4*y - 2. Let x be a(17). Let v = -14 - x. What is the remainder when 4 is divided by v?
0
Let f = -108 - -134. What is the remainder when 153 is divided by f?
23
Let g be ((-6)/(-21))/((-6)/(-42)). Suppose 3*p = -2*v + 6, 4*v + 4*p - g = 18. Calculate the remainder when v is divided by 5.
4
Let v(z) = z**2 - 2*z + 20. Calculate the remainder when v(-9) is divided by 30.
29
Let w(y) = y**2 - 3*y + 5. Let r be 2 + 2 - (0 - 1). What is the remainder when w(r) is divided by -6*((-27)/(-45))/((-2)/5)?
6
Let v(y) = 3*y**2 - 2*y - 8 + 9 + 3*y**3 - y**3 - 2*y**2. Let i be v(1). Suppose i*x + 0*x = 106. Calculate the remainder when x is divided by 18.
17
Let b = 307 + -174. Calculate the remainder when b is divided by 15.
13
Let c(q) = 120*q + 21. Calculate the remainder when c(4) is divided by 63.
60
Let u(w) = w**3 - 6*w**2 - 2*w + 16. Let t be u(6). Suppose t = -2*n, -3*q + 426 = 2*n + 13. What is the remainder when q is divided by 47?
45
Suppose -5*f + 159 = -11. Let b = 3 + f. Calculate the remainder when b is divided by 14.
9
Calculate the remainder when 233 is divided by (-3*94/(-15))/((-30)/(-75)).
45
Suppose -4*y + 2*j + 78 = -138, 3*y = 3*j + 165. What is the remainder when 162 is divided by y?
3
Calculate the remainder when 6*(-5)/90*(0 - 219) is divided by 20.
13
Suppose 3*v + 18 = 4*v. Let t = v + -16. Suppose -4*p = 20, -t*p = 3*l - 2*l + 3. What is the remainder when l is divided by 4?
3
Let w be 3 + (-2)/4*2. Let d(r) = -w + r**3 - 14*r + 7*r - 7*r**2 - 3. Calculate the remainder when d(8) is divided by 3.
0
Let o(g) = 6*g**2 + 0 + 8 - g**3 + 3*g - 2. Let a = 5 - 0. Calculate the remainder when o(a) is divided by 16.
14
Suppose -38 = -2*o - 3*r, -26 = -3*o + 2*o - 5*r. Calculate the remainder when 75 is divided by o.
11
Let a be 2 - -1 - (4 + (-7 - -6)). Suppose -94 = -4*u + 98. Suppose -4*y + u = 3*j + y, a = -4*j + 5*y + 64. Calculate the remainder when j is divided by 6.
4
Let z = 3 - -20. Suppose 2*n - z = h, 3*n - h = 5*n - 13. Calculate the remainder when 33 is divided by n.
6
Let j = 377 - 237. Let n be 1/2 - (-494)/4. Suppose 0 = 2*x + 4*v - j - 100, -2*v - n = -x. What is the remainder when x is divided by 31?
29
Let j be 139 - (-4)/(-8)*6. Let h = j + -123. Calculate the remainder when 102 is divided by h.
11
Let h = -2 + 12. What is the remainder when 68 is divided by (180/(-25))/((-3)/h)?
20
Let a = -19 - -21. Suppose -f = -a*z - 15, -2*f = 3*f + 5*z. Calculate the remainder when 13 is divided by f.
3
Suppose -5*w + 95 + 415 = 0. Suppose -3*r + 0 + 15 = k, k + 4*r = 15. Calculate the remainder when w is divided by k.
12
Suppose 0 = 4*v - 5*x - 25, -2*v + 14 = -14*x + 12*x. Calculate the remainder when 34 is divided by v.
4
Let u be 7/21 - (-136)/6. Let x(s) = s**2 - 24*s + 26. Calculate the remainder when 11 is divided by x(u).
2
Suppose -3*q + 45 = -0*q. Let a = 4898 + -4892. What is the remainder when q is divided by a?
3
Let p(k) = 5*k**2 + 4*k - 14. What is the remainder when 198 is divided by p(3)?
26
Let c = 38 + -17. Let s be (12/(-10))/(c/(-70)). Suppose -4*y = s*z + y + 7, 3 = -y. Calculate the remainder when 4 is divided by z.
0
Suppose 7*v - 15*v + 224 = 0. Calculate the remainder when 86 is divided by v.
2
Let l = -7 + 12. What is the remainder when (18/2 - 5) + 1 is divided by l?
0
Let q be (41/(-2))/(4/(-32)). Suppose -2*l = -4*l + q. Calculate the remainder when l is divided by 17.
14
Let u = 19 - 16. Suppose 7 = 2*f + 5*w - 117, -5*w - 161 = -u*f. Calculate the remainder when f is divided by 15.
12
Suppose -5*m + 3*g - 219 = 0, -g = 4*m + 79 + 86. What is the remainder when (-1)/(-7) - 8268/m is divided by 40?
37
Suppose -15*k + 18*k - 390 = 3*u, 0 = 4*u + 16. What is the remainder when k is divided by 43?
40
What is the remainder when 166 is divided by ((-441)/(-84))/((-2)/(-8))?
19
Suppose -13*q + 7290 = -3461. What is the remainder when q is divided by 12?
11
Suppose 7*y - 3*y + 104 = 0. What is the remainder when 80 is divided by (-5)/(20/(-8)) - y?
24
Suppose -g + 691 = t, t - 586 - 125 = 4*g. Calculate the remainder when t is divided by 12.
11
Suppose -4*x = 4*v + 116, -4*x + 5*v - 46 = 70. Let s = -26 - x. Suppose s*d = 143 - 5. Calculate the remainder when d is divided by 24.
22
Suppose 4*q + y = -4 + 21, 0 = 5*q + 2*y - 19. Suppose q*c - 5*r = 130, 4*c = -r + 3*r + 104. Calculate the remainder when 51 is divided by c.
25
Let p(k) = 5*k**2 - k - 1. Calculate the remainder when ((-76)/133)/(7/(-294)) is divided by p(-1).
4
Let d be 4 - 4/((-16)/76)*4. What is the remainder when (-6)/2 + 27/(-9) + d is divided by 19?
17
Let q(n) = 151*n + 614. What is the remainder when q(-4) is divided by 2 - 4 - -8 - 1?
0
Suppose 2518*z + 25 = 2519*z. Suppose 4*x + 81 = 3*b, 4*b + 5*x - 107 - 32 = 0. Let n = b - z. What is the remainder when 20 is divided by n?
2
Let z(p) = -p**3 + 4*p**2 - p - 3. Let j = 9 - 6. Let v be z(j). Suppose -t + 2*k = -0 - 4, v*t - 5*k = 13. What is the remainder when 9 is divided by t?
3
Let g(w) be the first derivative of w**4/4 + 5*w**3/3 + 3*w**2/2 + 6*w + 3. Let z = 90 - 94. Calculate the remainder when 39 is divided by g(z).
9
Let n = 1 + 4. Suppose -n*h - 480 = -5*a, 5*a + 0*a + 3*h = 496. Suppose -218 = -2*l + 3*g, -a = -0*l - l - 4*g. What is the remainder when l is divided by 27?
25
Let p(k) = k**3 - 22*k**2 - 7*k - 168. Calculate the remainder when p(23) is divided by 195.
5
Let z = -1755 + 2678. What is the remainder when z is divided by 11?
10
Calculate the remainder when 148 is divided by (40 - 41)/((-3)/27 - 0).
4
Suppose 11*c - 16*c + 47 = 2*f, 2*f - 3*c - 87 = 0. Calculate the remainder when f is divided by (-1)/4 + 33/4.
4
Let o be 